 u(x) = -1082*x + 2408*x - 1161*x + 985. Determine u(-6).
-5
Let h(y) = -4*y + 19. Let p(l) = -3*l**2 + 48*l + 4. Let a be p(16). Suppose a = 9*o - 50. Determine h(o).
-5
Suppose 10 = 2*u - 2*w, -4*u - 5*w + 20 = -w. Suppose 1 = -5*b + s, -3*b - 85*s = -90*s + 5. Suppose b = q - u. Let y(a) = a**3 - 4*a**2 - 4*a + 3. Give y(q).
8
Suppose t + t - 2 = -4*h, -4*t = 5*h - 4. Let s(p) = -p. Let z be (-2)/(-4)*-2 - (-6 - -4). Let o(c) = -1. Let j(d) = z*o(d) - s(d). Give j(t).
0
Let d(c) = c + 14. Let s(g) = -207*g + 1862. Let t be s(9). Determine d(t).
13
Let q(u) be the second derivative of -2 + 2/3*u**3 - 1/2*u**2 - 9*u. Give q(2).
7
Let w(u) be the third derivative of u**4/6 + u**3/6 - 1107*u**2. Let l = -1 - -2. Let y be 0 + l + -1 - -2. Give w(y).
9
Let x be ((-4)/2*(-6)/(-4))/((-81)/(-108)). Let q(s) = 2*s**3 + 4 - s**3 + 5*s**2 + s + 0*s**3. What is q(x)?
16
Let n(b) = -4 - 5 - 7 + 8*b**2 - b**3 + 11 + 8*b. Let x(z) = -24*z + 129. Let o be x(5). What is n(o)?
-14
Suppose 3*l = -4*s - 36 + 153, 0 = s - 2*l - 43. Suppose s = 8*y - 23. Let x(d) = d**2 - 10*d + 6. What is x(y)?
-15
Let u(f) be the second derivative of -f**4/12 + 217*f**2/2 + 9033*f. Give u(15).
-8
Let y(u) be the first derivative of -2*u**3/3 - 11*u**2/2 + 2*u + 4399. Determine y(-3).
17
Let n(f) = f + 1. Let o(c) = 0*c - 3*c - c + 5*c - 1. Let m(a) = n(a) - 2*o(a). Let p = 8 - 2. Calculate m(p).
-3
Let p(t) be the third derivative of 0 + 0*t + 1/24*t**4 + 102*t**2 - 8/3*t**3. Calculate p(10).
-6
Let r(q) = -q**3 + 5*q**2 + 2*q + 3. Suppose -3*p = 6*p - 36. Suppose -3*t - 6 = 0, -29 = -5*n - p*t + 6*t. Determine r(n).
13
Suppose 2*v - 115 + 135 = -5*s, -s + 13 = -3*v. Let u(p) be the first derivative of -p**2/2 - 4*p - 1. Give u(v).
1
Let y(h) be the second derivative of -5*h**3/6 + 47*h**2/2 + 3451*h. Determine y(8).
7
Let j(a) = 97*a**3 - 298*a**3 - 10*a + 18*a + 2 + a**2 + 105*a**3 + 98*a**3 - 7*a. Suppose -4*s - 5*o = 23, 4*s = -4*o - 12 - 8. What is j(s)?
-12
Suppose -162*x = -55*x + 321. Let m(t) = -t**3 - 4*t**2 + 4*t + 15. Determine m(x).
-6
Let y(f) be the third derivative of -1/24*f**4 - 1/2*f**3 + 0 + 34*f**2 + 1/60*f**5 + 0*f. Give y(-3).
9
Let b(u) = 4*u**2 + 7*u + 9. Let z = -168 - -164. Let s(l) = 5*l**2 + 7*l + 10. Let o(g) = z*b(g) + 3*s(g). Determine o(-7).
-6
Let j(g) be the third derivative of -g**5/30 - g**4/6 - 125*g**3/3 - 7*g**2 + 16*g. Let l(w) be the first derivative of j(w). What is l(-3)?
8
Let x(v) = -v**2 + 21*v - 97. Let h(y) = -2*y**3 - 9*y**2 - 3*y + 36. Let s be h(-3). Determine x(s).
-43
Let q(h) = -2*h**2 + 14*h + 30. Let l(b) = 2*b**2 + 156*b - 312. Let r be l(-80). Calculate q(r).
14
Let j(l) be the second derivative of l**4/6 - 23*l**3/6 + 13*l**2/2 - 9806*l. What is j(7)?
-50
Suppose -33*z - 76*z + 545 = 0. Let w(y) = -y**3 + 3*y**2 + 8*y + 19. Determine w(z).
9
Let x(k) = 2*k + 34. Let v be x(-21). Let t(b) = 129*b + b**2 + 11 + 133*b - 396*b + 143*b. What is t(v)?
3
Let j(h) = -9*h**2 - 41 - 500*h + 0*h**2 + 478*h + 7*h**2 + h**2. Calculate j(-21).
-20
Suppose -2*m = u + 1, 10 = -3*u + u. Let o(l) = 1 - 7*l - 5*l**3 + 4*l**2 + 4*l**3 + 4*l**m + 1. Suppose -29*b - 1163 = -1366. Calculate o(b).
2
Let r(a) = a**2 - 6*a + 6. Let x be 2*(-1 + 2 - -4). Suppose 10*u - x = 5*u. Suppose i + 6 = 4*f, -i + u*i - 5*f + 9 = 0. Determine r(i).
6
Let t(l) = 2*l + 10. Let z(m) = -10*m**2 - 69*m + 8. Let u(x) = -2*x**2 + x + 1. Let s(d) = -2*u(d) + z(d). Let k be s(-12). Give t(k).
-2
Suppose 5*g + 19568 - 19563 = 0. Let m(x) = 94*x**3 + 2*x**2 - 1. Determine m(g).
-93
Suppose -1048 = -25*w - 23. Suppose -o = -w + 43. Let m(f) = 2*f**2 + 3*f + 2. Calculate m(o).
4
Let x(n) be the second derivative of n**6/120 - n**4/6 + n**3/2 - 4*n**2 - 3*n - 15. Let c(i) be the first derivative of x(i). Determine c(2).
3
Let b = -73 + 75. Let y be 0/((-2)/(b/(-1))). Suppose -5*p - i - 56 + 18 = y, p - 3*i + 14 = 0. Let v(u) = u**2 + 10*u + 11. Give v(p).
-5
Let j = -870 + 863. Let p(k) = -2*k**2 - 12*k. Calculate p(j).
-14
Suppose 31*c - 29*c - 8 = 0. Let z(m) = c*m**2 + 5*m + 5*m**2 - 7*m**2 - 3*m**2 + 6. What is z(5)?
6
Let y(a) = -6 + 5*a**2 + 8*a - 2 - a**3 + 0. Let t = -16582 + 16588. Determine y(t).
4
Let b(d) = -13*d + 2 + 5444*d**2 + d - 5440*d**2. Calculate b(2).
-6
Let k(l) = 3 + 3*l - 2*l**2 + 0 + 0*l. Let b(w) = -2*w**3 + 76*w**2 - 32*w + 1219. Let q be b(38). Determine k(q).
-6
Let b(v) = -v**2 - 6*v - 7. Let n(j) be the first derivative of j**4/4 + 2*j**3 - 7*j**2/2 - 5*j - 2. Let d be (1 - -4 - 8) + -4. Let q be n(d). Determine b(q).
-2
Suppose 5*f + 33 = k + 2*f, 4*f = -4*k + 100. Suppose 36 - k = 3*g. Let q(n) = 2*n**3 - 16*n - 4*n**3 - n**g + 15*n. What is q(1)?
-4
Let p(r) = r**3 - 7*r**2 + 6*r - 2. Let x(l) be the third derivative of l**6/120 - 17*l**5/60 + l**4/8 - 15*l**3/2 + l**2 - 30*l. Let s be x(17). What is p(s)?
-2
Let s(q) = -4*q**3 - 2*q**2 + q + 1. Let i = -15 + 16. Let x be s(i). Let f(h) = -19*h + 7. Let j(u) = -6*u + 2. Let p(n) = x*f(n) + 14*j(n). Determine p(1).
-8
Suppose 39*x = -13 + 325. Let u(d) be the first derivative of d**4/4 - 7*d**3/3 - 7*d**2/2 + 11*d - 1. Determine u(x).
19
Let i(a) = -2 + 0 + 17*a - 24*a + 4. Let f(v) = -9*v + 2. Let p(k) = -4*f(k) + 5*i(k). Calculate p(0).
2
Let i(b) be the third derivative of b**5/10 - b**4/8 + b**3/3 - 894*b**2. Give i(-2).
32
Suppose -4*d - 7*c + 10*c - 109 = 0, -d - 3*c - 31 = 0. Let y(o) = o + 30. What is y(d)?
2
Let c be (22 - -2)*(-4)/(-16)*-2. Let z be (-2)/(c/75*5/2). Suppose 3*u - 8 - 14 = -4*x, -16 = -z*x + 2*u. Let r(l) = l - 2. Calculate r(x).
2
Let x(l) be the first derivative of l**3 - l**2/2 + 3*l - 1. Let b(c) = 10*c**2 + 145*c - 238. Let m be b(-16). Determine x(m).
13
Let i(w) = -5*w + 12. Let t be i(2). Suppose t = n + 3*k, 0*n + n - 2 = -2*k. Let h(o) = 4*o + 0*o - 401*o**2 + 400*o**2 - n. What is h(3)?
1
Let s(g) = -10*g**2 - 16 + 9*g**2 - 16 + 15*g + 0 + 10. What is s(9)?
32
Suppose -13*q - 2061 = -22*q. Let c(i) = 0*i**3 + q*i**2 + i**3 - 119*i**2 + 5 + 2*i - 115*i**2 - 3. Give c(4).
-6
Let r(q) = q**3 - 4*q**2 + 2*q - 3. Suppose 7*g - 109 = 6*g. Let x = 1 + g. Let n = 113 - x. What is r(n)?
-6
Suppose 66*o - 74 = 17*o + 73. Let p(s) = 4*s**3 + 5*s**2 - s - 2. Determine p(o).
148
Let q(a) be the third derivative of a**6/120 - 7*a**5/60 + a**4/6 + 5*a**3/3 + 575*a**2 - 2*a. Give q(6).
-2
Let k(s) = 20 - 6*s + s**3 + 185*s**2 + 101*s**2 - 292*s**2. What is k(6)?
-16
Let w(h) = 3*h - 1. Let x(a) = -3*a**3 + 26*a**2 + 42*a + 1. Let n(o) = o**3 - 12*o**2 - 20*o - 1. Let c(m) = 5*n(m) + 2*x(m). Let y be c(-4). Determine w(y).
-10
Let c(x) = x**2 - 3. Let q be c(-4). Suppose -b + q*b = 24. Let n(z) = 4 - 7*z**b - z**3 + 2 + 33*z - 25*z. Calculate n(-8).
6
Let i(q) = -2*q + 9. Let v(j) = 3*j**3 + 7*j**2 + 7*j + 3. Let h(p) = p**2 + 2*p. Let d(b) = -5*h(b) + v(b). Let z be d(1). Give i(z).
-1
Let a = 428 + -420. Let x(f) = a*f - 4 - 8*f + 5*f + 9. What is x(-3)?
-10
Let g(p) = 2*p + 13. Let j(b) be the third derivative of -b**4/12 - 38*b**3/3 + 24*b**2. Let u be j(-33). Determine g(u).
-7
Let h = -179 - -182. Let t be (15/h - -4)*(1 + 0). Let u(z) = 2*z - 26. Let b(a) = a - 13. Let x(p) = 5*b(p) - 3*u(p). Determine x(t).
4
Let j = -38 - -61. Let l = j - 24. Let h(k) be the third derivative of -k**6/12 + k**5/30 - k**3/6 - 3*k**2. Give h(l).
11
Let j(t) = -t**2 + 12*t + 25. Suppose -22*v + 139 + 57 = -68. Determine j(v).
25
Let i(d) = 22*d. Suppose 5*r - 343 = -73. Suppose -5*l - 278 + 13 = 0. Let u = l + r. Calculate i(u).
22
Let v(i) = 2*i**3 + 5*i**2 - 4*i - 13. Let g(f) = -5*f**3 - 15*f**2 + 10*f + 39. Let x(z) = 3*g(z) + 8*v(z). Give x(4).
-11
Let v(o) = 18*o - 1. Let d(a) = 89*a - 7. Let m(c) = d(c) - 5*v(c). Calculate m(-4).
2
Let u(b) = -b + 1. Let w be (-1 - -7) + (-6)/2. Suppose 2*v + w*t - 6 = 1, v - 3*t = -19. Give u(v).
5
Let a(p) be the second derivative of -p**3/2 + 15*p. Suppose -4*v - 8 = o, 0*o - 24 = 3*o - v. Give a(o).
24
Let q(h) be the first derivative of 2*h**2 - 29*h + 7835. Calculate q(-20).
-109
Let w(u) = u. Let s(x) = -2*x**2 + 3*x. Let r(d) = s(d) - 2*w(d). Let l(v) = 2*v + 31. Let n be (-1)/(-2) + 341/(-22). Let k be l(n). Determine r(k).
-1
Let s(c) = -200*c**2 + 399*c - 2. Let r be s(2). Let p(k) = k**3 + 5*k**2 + 2*k - 8. Calculate p(r)